, 7, 13, 43
List the prime factors of 1280.
2, 5
List the prime factors of 97897.
223, 439
List the prime factors of 1775.
5, 71
What are the prime factors of 6891?
3, 2297
What are the prime factors of 565?
5, 113
List the prime factors of 4420.
2, 5, 13, 17
List the prime factors of 10377.
3, 1153
List the prime factors of 5517.
3, 613
List the prime factors of 907.
907
What are the prime factors of 18005?
5, 13, 277
What are the prime factors of 6015?
3, 5, 401
What are the prime factors of 30388?
2, 71, 107
List the prime factors of 8197.
7, 1171
What are the prime factors of 17953?
13, 1381
List the prime factors of 11516.
2, 2879
List the prime factors of 17453.
31, 563
What are the prime factors of 6023?
19, 317
What are the prime factors of 93597?
3, 7, 4457
List the prime factors of 74820.
2, 3, 5, 29, 43
List the prime factors of 1764.
2, 3, 7
What are the prime factors of 99207?
3, 73, 151
What are the prime factors of 5081?
5081
List the prime factors of 500.
2, 5
List the prime factors of 1583.
1583
What are the prime factors of 1386?
2, 3, 7, 11
List the prime factors of 26726.
2, 7, 23, 83
What are the prime factors of 18344?
2, 2293
List the prime factors of 4099.
4099
List the prime factors of 11097.
3, 137
List the prime factors of 150928.
2, 9433
What are the prime factors of 14189?
7, 2027
What are the prime factors of 198?
2, 3, 11
What are the prime factors of 27229?
73, 373
What are the prime factors of 21214?
2, 10607
What are the prime factors of 4433?
11, 13, 31
What are the prime factors of 39161?
39161
What are the prime factors of 17373?
3, 5791
List the prime factors of 952.
2, 7, 17
List the prime factors of 12868.
2, 3217
What are the prime factors of 31573?
31573
What are the prime factors of 8196?
2, 3, 683
List the prime factors of 69444.
2, 3, 643
What are the prime factors of 58709?
7, 8387
List the prime factors of 1006.
2, 503
List the prime factors of 32697.
3, 7, 173
List the prime factors of 5132.
2, 1283
What are the prime factors of 24980?
2, 5, 1249
List the prime factors of 8377.
8377
List the prime factors of 809.
809
List the prime factors of 40498.
2, 20249
List the prime factors of 67589.
67589
What are the prime factors of 1162?
2, 7, 83
List the prime factors of 26020.
2, 5, 1301
List the prime factors of 281.
281
What are the prime factors of 59734?
2, 29867
List the prime factors of 699.
3, 233
List the prime factors of 20104.
2, 7, 359
List the prime factors of 15894.
2, 3, 883
What are the prime factors of 61283?
61283
List the prime factors of 121987.
199, 613
List the prime factors of 6455.
5, 1291
What are the prime factors of 19353?
3, 6451
List the prime factors of 9130.
2, 5, 11, 83
What are the prime factors of 214?
2, 107
List the prime factors of 5440.
2, 5, 17
List the prime factors of 4108.
2, 13, 79
List the prime factors of 3304.
2, 7, 59
What are the prime factors of 11000?
2, 5, 11
List the prime factors of 55042.
2, 13, 29, 73
What are the prime factors of 10029?
3, 3343
List the prime factors of 134519.
7, 11, 1747
List the prime factors of 348.
2, 3, 29
What are the prime factors of 59755?
5, 17, 19, 37
List the prime factors of 3374.
2, 7, 241
List the prime factors of 548.
2, 137
List the prime factors of 1498.
2, 7, 107
List the prime factors of 2564.
2, 641
What are the prime factors of 6270?
2, 3, 5, 11, 19
What are the prime factors of 4317?
3, 1439
List the prime factors of 1374.
2, 3, 229
What are the prime factors of 32316?
2, 3, 2693
What are the prime factors of 321?
3, 107
What are the prime factors of 16176?
2, 3, 337
What are the prime factors of 2674?
2, 7, 191
List the prime factors of 333.
3, 37
List the prime factors of 3711.
3, 1237
List the prime factors of 17387.
17387
List the prime factors of 1745.
5, 349
What are the prime factors of 1622?
2, 811
What are the prime factors of 9826?
2, 17
What are the prime factors of 1369?
37
List the prime factors of 10093.
10093
List the prime factors of 170989.
7, 13, 1879
List the prime factors of 12830.
2, 5, 1283
What are the prime factors of 1256?
2, 157
List the prime factors of 411.
3, 137
What are the prime factors of 400?
2, 5
What are the prime factors of 522?
2, 3, 29
What are the prime factors of 2472?
2, 3, 103
List the prime factors of 1240.
2, 5, 31
What are the prime factors of 2159?
17, 127
List the prime factors of 5851.
5851
List the prime factors of 3350.
2, 5, 67
What are the prime factors of 473?
11, 43
List the prime factors of 41581.
43, 967
List the prime factors of 2407.
29, 83
List the prime factors of 597.
3, 199
What are the prime factors of 25989?
3, 8663
List the prime factors of 1807.
13, 139
What are the prime factors of 81?
3
What are the prime factors of 46998?
2, 3, 7, 373
What are the prime factors of 7041?
3, 2347
List the prime factors of 853.
853
List the prime factors of 105268.
2, 26317
List the prime factors of 126.
2, 3, 7
What are the prime factors of 17251?
13, 1327
List the prime factors of 10003.
7, 1429
What are the prime factors of 9841?
13, 757
List the prime factors of 19886.
2, 61, 163
List the prime factors of 1226.
2, 613
What are the prime factors of 3025?
5, 11
What are the prime factors of 101114?
2, 13, 3889
What are the prime factors of 1199?
11, 109
List the prime factors of 569.
569
List the prime factors of 16570.
2, 5, 1657
List the prime factors of 2592.
2, 3
List the prime factors of 657.
3, 73
List the prime factors of 5254.
2, 37, 71
List the prime factors of 526.
2, 263
What are the prime factors of 3423?
3, 7, 163
What are the prime factors of 3906?
2, 3, 7, 31
List the prime factors of 911.
911
What are the prime factors of 156?
2, 3, 13
List the prime factors of 36195.
3, 5, 19, 127
What are the prime factors of 7363?
37, 199
List the prime factors of 2379.
3, 13, 61
What are the prime factors of 12162?
2, 3, 2027
List the prime factors of 17806.
2, 29, 307
What are the prime factors of 26306?
2, 7, 1879
List the prime factors of 203.
7, 29
What are the prime factors of 105?
3, 5, 7
What are the prime factors of 41090?
2, 5, 7, 587
List the prime factors of 2644.
2, 661
What are the prime factors of 46965?
3, 5, 31, 101
List the prime factors of 14292.
2, 3, 397
What are the prime factors of 4066?
2, 19, 107
List the prime factors of 25333.
7, 11, 47
What are the prime factors of 1348?
2, 337
What are the prime factors of 668?
2, 167
What are the prime factors of 22?
2, 11
List the prime factors of 67688.
2, 8461
List the prime factors of 142179.
3, 83, 571
List the prime factors of 1262.
2, 631
What are the prime factors of 2215?
5, 443
What are the prime factors of 10418?
2, 5209
List the prime factors of 6297.
3, 2099
What are the prime factors of 20943?
3, 13, 179
What are the prime factors of 697?
17, 41
List the prime factors of 6796.
2, 1699
What are the prime factors of 36015?
3, 5, 7
What are the prime factors of 920?
2, 5, 23
List the prime factors of 2927.
2927
What are the prime factors of 5048?
2, 631
What are the prime factors of 40293?
3, 11, 37
List the prime factors of 3674.
2, 11, 167
What are the prime factors of 20052?
2, 3, 557
List the prime factors of 50286.
2, 3, 17, 29
List the prime factors of 5132.
2, 1283
What are the prime factors of 642?
2, 3, 107
List the prime factors of 1855.
5, 7, 53
List the prime factors of 110473.
11, 83
List the prime factors of 25220.
2, 5, 13, 97
What are the prime factors of 1512?
2, 3, 7
What are the prime factors of 63960?
2, 3, 5, 13, 41
What are the prime factors of 864?
2, 3
What are the prime factors of 577?
577
What are the prime factors of 17653?
127, 139
List the prime factors of 1817.
23, 79
List the prime factors of 4949.
7, 101
List the prime factors of 2444.
2, 13, 47
What are the prime factors of 1837?
11, 167
What are the prime factors of 5523?
3, 7, 263
What are the prime factors of 1071?
3, 7, 17
List the prime factors of 10426.
2, 13, 401
What are the prime factors of 29732?
2, 7433
List the prime factors of 13.
13
List the prime factors of 27610.
2, 5, 11, 251
List the prime factors of 2080.
2, 5, 13
List the prime factors of 492.
2, 3, 41
What are the prime factors of 42293?
42293
List the prime factors of 6957.
3, 773
List the prime factors of 2064.
2, 3, 43
